 = -5*n, -2*n = -6*n + u - 11. Let k be (3 + -6 + 3)/n. Suppose 2*y + z - 106 = 0, -3*y - 3*z + 6 + 159 = k. Is y a prime number?
False
Let n be (-4)/(152/(-74) - -2). Suppose -n = -4*s - 2*j, -5*s + j + 90 = 4*j. Is s a composite number?
True
Let x(s) = 6*s**2 - 13*s - 4. Let c be x(9). Suppose 4*n - c = 3*n. Is n composite?
True
Suppose -p + 25 = 4*p. Suppose 2*m - p - 5 = 0. Suppose m*y - 104 = 81. Is y a prime number?
True
Is -3 - ((-413 - -1) + -4) a composite number?
True
Let v(t) = 2*t**2 - 8*t + 3. Suppose 4*h = -5*o + 3*o + 10, 0 = 4*o + h - 20. Is v(o) prime?
True
Suppose -r - 173 = 4*a, 5*a - r - 3*r = -211. Let h = a - -62. Is h composite?
False
Let c(w) = -24*w + 5. Is c(-6) prime?
True
Let s(j) = -j**2 + 4*j + 4. Let h be s(4). Let a(z) = -1 + 0 - h - 2*z. Is a(-4) composite?
False
Let h(g) = g**2 + 6*g + 3. Let t be (-4)/(-10) + (-27)/5. Let z be h(t). Is (0 + z)/(2/(-127)) composite?
False
Suppose 2459 - 674 = 3*w. Suppose -4*q + w = -361. Suppose -3*l = -7*l - 2*u + 454, 2*l - 3*u - q = 0. Is l composite?
True
Let p(v) = -v**3 + 4*v**2 - v - 4. Let i(w) = -w + 3. Let q be i(0). Let t be p(q). Suppose 37 = y - t*n, y + 4*n = -3*y + 112. Is y a composite number?
False
Let m(r) = -62*r - 1. Let v be m(-6). Let n = v + -244. Is n composite?
False
Suppose -3*s + 8*s - 115 = 0. Is s a composite number?
False
Suppose -2*l + 6 = 2. Suppose m - 119 = -4*u, -l*u + 6*u = 3*m - 341. Is m composite?
True
Let k = 1010 + -1742. Let z = k + 1076. Let f = -181 + z. Is f prime?
True
Let l = 0 - -1. Suppose a = -l + 2. Is 0 - 1 - -3*a composite?
False
Let j(d) = 18*d - 13. Is j(9) prime?
True
Is 1/(-2) + (-1628)/(-8) prime?
False
Let t be -1 - -4 - 2/2. Suppose 10 = t*v + 5*l, -2*l + 16 = 5*v - 9. Suppose v*j + 40 = h, -3*j = -4*j + 5. Is h a composite number?
True
Let f = 39 + 31. Let g = f + -37. Is g a prime number?
False
Let t(v) be the second derivative of -v**5/20 - 7*v**4/6 - 7*v**3/3 + 15*v**2/2 + v. Is t(-14) composite?
False
Suppose 14*f - 10*f = 0. Suppose 3*n = -f*n + 1239. Is n a composite number?
True
Let g(j) = j**3 - 6*j**2 + 5*j - 5. Let h be g(8). Suppose 2*p = -h + 453. Is p a prime number?
False
Let i(h) = -10*h + 2. Let v be i(-5). Suppose -2*n + 2*y + 257 + 19 = 0, -2*n - 3*y + 261 = 0. Let a = n + v. Is a composite?
True
Let a(m) = 19*m + 5. Let k be a(4). Let i = k + -50. Is i composite?
False
Let q(i) = 7*i**2 + i + 13. Is q(8) prime?
False
Let x be 2 + 0/(-2) + 2. Is ((-6)/x)/((-6)/844) prime?
True
Suppose -5*o - 128 = 32. Is 21*(1 - o/6) a prime number?
False
Suppose 2857 = 3*s + 2*k, 0 = -3*s - 0*k - 5*k + 2854. Is s prime?
True
Let q(c) = c + 1. Let t be q(2). Suppose t*y - 837 = -306. Is y prime?
False
Let m(o) = 150*o**2 - o. Suppose 3*c = -4*b + 2, 0*b + b + 5*c = -8. Suppose -3*k = b*k - 5. Is m(k) composite?
False
Let x be (16/10)/((-12)/(-30)). Suppose 3*i - 444 = -3*a, -10 = -x*i + 2. Is a a composite number?
True
Is (-9)/(-15) + (-1101)/(-15) composite?
True
Suppose 0 = 2*c - 3*a - 1875 - 2599, 2*c - 4482 = a. Is c a composite number?
False
Let f(o) = -o**3 - 8*o**2 - 3*o - 9. Is f(-8) a prime number?
False
Let r(m) = -m**2 - 4*m + 2. Let n be r(-4). Suppose 5*s + 135 = 2*s. Is s/(-6) + (-1)/n prime?
True
Let v(y) = 0 + 3 + 249*y**3 + y - 4. Is v(1) a prime number?
False
Suppose -r = 2*r - 3*z - 213, z = 3*r - 209. Let l = r + -14. Is l a prime number?
False
Let y = -1 + 6. Let s(h) = -h - 2*h + 2*h + 0 + y. Is s(-4) a composite number?
True
Suppose 0 = -x + 700 - 227. Is x a prime number?
False
Let u(q) = -54*q - 31. Is u(-17) composite?
False
Suppose -4 = -4*i + 3*i. Suppose i*a - 384 = a. Let z = 193 - a. Is z prime?
False
Let b = 38 - -41. Is b a composite number?
False
Suppose 22 = 3*i + 4. Suppose -3*s + i*s - 9 = 0. Suppose 5*q + g - 139 = q, -3*g + 111 = s*q. Is q a composite number?
True
Is -4 - (-7502)/6 - (-2)/3 prime?
False
Let v = 13 - 9. Suppose -n = -i - 19 + 42, -n + 102 = v*i. Is i composite?
True
Suppose 0 = 2*g + 2*h + 16, -5*g - 10 = -0*h - 5*h. Let f(w) = -31*w + 3. Is f(g) a prime number?
False
Suppose -4*q + 2*q - c - 3 = 0, 3*q + 5*c + 15 = 0. Let s(w) = 4*w - 6*w + w + 123. Is s(q) a composite number?
True
Is (-21697)/(-9) + -1*10/(-45) prime?
True
Suppose -3*w = 6, -4 = -2*v - w + 2. Let q(i) = 3*i**3 - 3*i**2 + 3. Let j be q(4). Suppose -9 = -v*g + j. Is g a composite number?
True
Suppose -5*p + 106 = -2*h, 2*h - 4*p = -0*h - 106. Is (-2 + (-2 - -1))*h prime?
False
Let s(n) = n + 69. Let w be (-4)/10 - 54/(-10). Let d be 10/(-25) - (-2)/w. Is s(d) a composite number?
True
Let o(m) = 7*m**3 - m**2 + m - 1. Let v be o(1). Suppose -3*n + v = 0, -13 = s - 3*n - 4. Let j = s + 6. Is j prime?
True
Let z(x) = x**2 - 3*x + 2. Suppose -28 = -4*h - 12, h - 7 = -n. Let k be z(n). Suppose 2*m + m + 12 = a, m = -k. Is a a composite number?
True
Suppose -6 = 4*d - 3*d. Let u be d/(-2 + -1) + 3. Suppose -u*i = 2*r - 8, 8 - 47 = -5*r - 3*i. Is r a composite number?
True
Suppose 2*f = 6*f - 1004. Is f composite?
False
Let u = -369 - -620. Is u composite?
False
Let p(m) = -12*m**3 - m**2 + 2. Let f = -13 + 11. Is p(f) a prime number?
False
Suppose -n + 4 = n. Let g(t) = 14 + t**3 - t - 2*t**3 + 2*t**3 + t**n. Is g(0) a composite number?
True
Let s be (69/(-6)*-8)/1. Let o(d) = 2*d - 6. Let z be o(5). Is (2 - z) + (s - 1) a composite number?
False
Suppose -5*z + 1139 + 56 = 5*p, -2*p - 5*z = -490. Is p a prime number?
False
Let h be 8/2 + (-5 - -3). Suppose h*y - 6*y = -148. Is y prime?
True
Let v = -134 + 245. Is v a composite number?
True
Suppose -7*v = -2*x - 3*v + 5630, 2*v + 14043 = 5*x. Is x a prime number?
False
Suppose 0*c - 2*c = 4*a, -c + a = -6. Suppose 0 = -5*g + c*h + 959, -2*g - h = -0*g - 381. Is g composite?
False
Suppose -2*i + 21*i = 60097. Is i prime?
True
Is (17/4)/(1/8) a composite number?
True
Let p(m) = 112*m + 23. Is p(8) a prime number?
True
Let l(v) be the third derivative of 4*v**6/45 + v**5/120 - v**4/24 - v**2. Let c(w) be the second derivative of l(w). Is c(1) a composite number?
True
Is (1864/16)/((-1)/(-2)) a prime number?
True
Suppose 2*x + 15 = 83. Is x a prime number?
False
Suppose q - 53 - 92 = 0. Is q a prime number?
False
Suppose -3*f - 17 = 5*r, -3*r - 14 + 5 = 3*f. Suppose 2*w - 18 = 8. Suppose -w = -2*p - f. Is p a composite number?
True
Suppose 58*p = 61*p - 1671. Is p a prime number?
True
Suppose 9*l = 2262 + 25071. Is l a composite number?
False
Let t be (-2 - -407) + 0/3. Is (-1)/(2 + t/(-201)) a composite number?
False
Let g(p) = p**3 + 9*p**2 + 8*p + 4. Let c be g(-8). Suppose 0*b - 4*b = -c*n + 364, 0 = 3*b + 6. Is n a prime number?
True
Suppose -3*s = -5*x + 2717, 2*s - 167 = -3*x + 1448. Is x composite?
False
Suppose 0 = 3*g - 4*d + 14, 21 = -2*g + 8*d - 3*d. Let t = -74 + 30. Let k = g - t. Is k composite?
True
Let x(l) = 20*l**2 + 3*l + 2. Let w be x(4). Suppose m - 2*m + 668 = 4*i, 2*i + 3*m = w. Is i composite?
False
Let w(t) = t**3 + 5*t**2 - 7*t - 2. Let q be w(-6). Let u be (-44)/(-33)*(-3)/2. Is (45/(-6))/(u/q) composite?
True
Let h(b) = -b**2 - 13*b + 9. Let p be h(-10). Is (8 - (2 - -2)) + p a prime number?
True
Suppose -r - 3*i = -20, i + 15 = -0*r + 4*r. Suppose -5*k - 5*n = -175, -5*k + 215 = -r*n - 0*n. Is k a prime number?
False
Suppose -15 = -3*f - 2*u, 0 = 2*f + 2*u - 15 + 3. Let n be 1438/6 - (-1)/f. Is n/3 + 0 + 3 a composite number?
False
Let n be (2 + (-8)/(-6))*33. Let o = -61 + n. Is -2 - (o/(-1) - 0) a prime number?
True
Let z = -19 - -14. Let p = 4 + -16. Is -1 + 5/(z/p) a prime number?
True
Let a(w) = w**2 + 2*w + 3. Let z be a(-2). Suppose m + 55 = k, k - 71 = -0*k - z*m. Is k a composite number?
False
Suppose 0*z - 4*z + 37 = -s, 3*s = 4*z - 39. Let n = z - 5. Let p = n + 43. Is p composite?
False
Is ((-806)/4)/(4/(-8)) prime?
False
Let j = 7 - 0. Let w(b) = 2*b**2 - 8*b - 3. Is w(j) a prime number?
False
Suppose 471 = z - 160. Is z a composite number?
False
Let n(m) = m**3 + 7*m**2 - 2*m + 5. Let z be 6/(-8) + 1/(-4). Let k = z + -6. Is n(k) prime?
True
Let i = -920 + 3133. Is i composite?
False
Let y = 1 - -1. Suppose 2*f = -4*o + 50, y*f - 24 - 26 = -2*o. Is f prime?
False
Let j(g) = g**2 - 2*g - 7. Let a be j(5). Let x be 7/5 + a/(-20). Is x/((-24)/(-23) - 1) a composite number?
False
Is 6/21 - (-16194)/14 a prime n